{"id":233,"date":"2021-05-31T12:05:17","date_gmt":"2021-05-31T16:05:17","guid":{"rendered":"https:\/\/www.manayoga.ca\/?page_id=233"},"modified":"2022-01-31T15:57:56","modified_gmt":"2022-01-31T15:57:56","slug":"pourquoi-mana","status":"publish","type":"page","link":"https:\/\/www.manayoga.ca\/wordpress\/index.php\/pourquoi-mana\/","title":{"rendered":"Pourquoi \u00ab\u00a0Mana\u00a0\u00bb?"},"content":{"rendered":"\n<p><\/p>\n\n\n\n<h2 class=\"wp-block-heading\" id=\"signification-du-mot-mana\">Signification du mot \u00ab\u00a0Mana\u00a0\u00bb<\/h2>\n\n\n\n<figure class=\"wp-block-image size-full\"><img loading=\"lazy\" decoding=\"async\" width=\"1\" height=\"1\" src=\"https:\/\/www.manayoga.ca\/wordpress\/wp-content\/uploads\/2021\/11\/spacer1.gif\" alt=\"espaceur\" class=\"wp-image-422\"\/><\/figure>\n\n\n\n<p>Le mot \u00ab\u00a0mana\u00a0\u00bb r\u00e9f\u00e8re \u00e0 la qualit\u00e9 de souverainet\u00e9 de son \u00catre et r\u00e9v\u00e8le le pouvoir de co-cr\u00e9ation de sa propre vie.<\/p>\n\n\n\n<figure class=\"wp-block-image size-full\"><img loading=\"lazy\" decoding=\"async\" width=\"1\" height=\"1\" src=\"https:\/\/www.manayoga.ca\/wordpress\/wp-content\/uploads\/2021\/11\/spacer1.gif\" alt=\"espaceur\" class=\"wp-image-422\"\/><\/figure>\n\n\n\n<p>Dans son livre \u00ab\u00a0Ho&rsquo;oponopono, les 4 grandes lois spirituelles r\u00e9v\u00e9l\u00e9es\u00a0\u00bb, Alain Williamson parle de \u00ab\u00a0l&rsquo;\u00e9nergie de vie qui nourrit et soutient toute chose\u00a0\u00bb.  Ce serait une \u00ab\u00a0substance invisible et universelle, une force disponible pour mat\u00e9rialiser tout ce qui est imagin\u00e9.\u00a0\u00bb<\/p>\n\n\n\n<figure class=\"wp-block-image size-full\"><img loading=\"lazy\" decoding=\"async\" width=\"1\" height=\"1\" src=\"https:\/\/www.manayoga.ca\/wordpress\/wp-content\/uploads\/2021\/11\/spacer1.gif\" alt=\"espaceur\" class=\"wp-image-422\"\/><\/figure>\n\n\n\n<p>\u00c0 la lumi\u00e8re de ces propos, \u00ab\u00a0ManaYoga\u00a0\u00bb prend donc tout son sens puisque je consid\u00e8re que chacun.e a en lui.elle, cette petite Lumi\u00e8re afin d&rsquo;\u00eatre souverain.e de sa propre vie. Et le yoga? C&rsquo;est tout simplement un puissant alli\u00e9 pour re-connecter avec Soi et sa Lumi\u00e8re!<\/p>\n\n\n\n<figure class=\"wp-block-image size-full\"><img loading=\"lazy\" decoding=\"async\" width=\"1\" height=\"1\" src=\"https:\/\/www.manayoga.ca\/wordpress\/wp-content\/uploads\/2021\/11\/spacer1.gif\" alt=\"espaceur\" class=\"wp-image-422\"\/><\/figure>\n\n\n\n<p>Voil\u00e0!<\/p>\n","protected":false},"excerpt":{"rendered":"<p>Signification du mot \u00ab\u00a0Mana\u00a0\u00bb Le mot \u00ab\u00a0mana\u00a0\u00bb r\u00e9f\u00e8re \u00e0 la qualit\u00e9 de souverainet\u00e9 de son \u00catre et r\u00e9v\u00e8le le pouvoir de co-cr\u00e9ation de sa propre vie. Dans son livre \u00ab\u00a0Ho&rsquo;oponopono, les 4 grandes lois spirituelles r\u00e9v\u00e9l\u00e9es\u00a0\u00bb, Alain Williamson parle de \u00ab\u00a0l&rsquo;\u00e9nergie de vie qui nourrit et soutient toute chose\u00a0\u00bb. Ce serait une \u00ab\u00a0substance invisible et [&hellip;]<\/p>\n","protected":false},"author":1,"featured_media":0,"parent":0,"menu_order":0,"comment_status":"closed","ping_status":"closed","template":"","meta":{"footnotes":""},"class_list":["post-233","page","type-page","status-publish","hentry"],"_links":{"self":[{"href":"https:\/\/www.manayoga.ca\/wordpress\/index.php\/wp-json\/wp\/v2\/pages\/233","targetHints":{"allow":["GET"]}}],"collection":[{"href":"https:\/\/www.manayoga.ca\/wordpress\/index.php\/wp-json\/wp\/v2\/pages"}],"about":[{"href":"https:\/\/www.manayoga.ca\/wordpress\/index.php\/wp-json\/wp\/v2\/types\/page"}],"author":[{"embeddable":true,"href":"https:\/\/www.manayoga.ca\/wordpress\/index.php\/wp-json\/wp\/v2\/users\/1"}],"replies":[{"embeddable":true,"href":"https:\/\/www.manayoga.ca\/wordpress\/index.php\/wp-json\/wp\/v2\/comments?post=233"}],"version-history":[{"count":1,"href":"https:\/\/www.manayoga.ca\/wordpress\/index.php\/wp-json\/wp\/v2\/pages\/233\/revisions"}],"predecessor-version":[{"id":540,"href":"https:\/\/www.manayoga.ca\/wordpress\/index.php\/wp-json\/wp\/v2\/pages\/233\/revisions\/540"}],"wp:attachment":[{"href":"https:\/\/www.manayoga.ca\/wordpress\/index.php\/wp-json\/wp\/v2\/media?parent=233"}],"curies":[{"name":"wp","href":"https:\/\/api.w.org\/{rel}","templated":true}]}}