{"id":223,"date":"2021-05-31T11:42:43","date_gmt":"2021-05-31T15:42:43","guid":{"rendered":"https:\/\/www.manayoga.ca\/?page_id=223"},"modified":"2023-12-20T15:18:31","modified_gmt":"2023-12-20T15:18:31","slug":"le-projet","status":"publish","type":"page","link":"https:\/\/www.manayoga.ca\/wordpress\/index.php\/le-projet\/","title":{"rendered":"Le Projet"},"content":{"rendered":"\n<p><\/p>\n\n\n\n<h2 class=\"wp-block-heading\" id=\"manayoga\">ManaYoga<\/h2>\n\n\n\n<figure class=\"wp-block-image size-full\"><img loading=\"lazy\" decoding=\"async\" width=\"1\" height=\"1\" src=\"https:\/\/www.manayoga.ca\/wordpress\/wp-content\/uploads\/2021\/11\/spacer1.gif\" alt=\"espaceur\" class=\"wp-image-422\"\/><\/figure>\n\n\n\n<p>Ch\u00e8res poussi\u00e8res d&rsquo;\u00e9toiles,<\/p>\n\n\n\n<figure class=\"wp-block-image size-full\"><img loading=\"lazy\" decoding=\"async\" width=\"1\" height=\"1\" src=\"https:\/\/www.manayoga.ca\/wordpress\/wp-content\/uploads\/2021\/11\/spacer1.gif\" alt=\"espaceur\" class=\"wp-image-422\"\/><\/figure>\n\n\n\n<p>Ce projet est une bouff\u00e9e d&rsquo;amour pour l&rsquo;\u00catre suite \u00e0 plusieurs ann\u00e9es de pratique en tant que professeure de yoga Kripalu, de danses latines et expressive, d&rsquo;intervention en ergoth\u00e9rapie, et par mes exp\u00e9riences personnelles en tant qu&rsquo;\u00catre humaine.<\/p>\n\n\n\n<figure class=\"wp-block-image size-full\"><img loading=\"lazy\" decoding=\"async\" width=\"1\" height=\"1\" src=\"https:\/\/www.manayoga.ca\/wordpress\/wp-content\/uploads\/2021\/11\/spacer1.gif\" alt=\"espaceur\" class=\"wp-image-422\"\/><\/figure>\n\n\n\n<p>Ma motivation? La Lumi\u00e8re en chacun.e de nous, cette Essence qui nous permet une capacit\u00e9 cr\u00e9atrice, de changement ou simplement \u00eatre bien avec soi-m\u00eame en devenant souverain.e de sa sant\u00e9 et de sa propre vie. <\/p>\n\n\n\n<p><\/p>\n\n\n\n<p>Parce qu&rsquo;\u00eatre en Union avec soi-m\u00eame et avec l&rsquo;Univers, c&rsquo;est possible! <\/p>\n\n\n\n<figure class=\"wp-block-image size-full\"><img loading=\"lazy\" decoding=\"async\" width=\"1\" height=\"1\" src=\"https:\/\/www.manayoga.ca\/wordpress\/wp-content\/uploads\/2021\/11\/spacer1.gif\" alt=\"espaceur\" class=\"wp-image-422\"\/><\/figure>\n\n\n\n<p>Suivez les constellations pour vous retrouver! Celles-ci pr\u00e9sentent les diff\u00e9rents volets de ManaYoga: cours de yoga Kripalu ainsi qu&rsquo;enseignement et accompagnement mieux-\u00eatre par le yoga avec diff\u00e9rentes client\u00e8les constituent essentiellement le contenu de ce projet. <\/p>\n\n\n\n<p>En groupe ou en suivi individualis\u00e9, adultes, ados, enfants, futures mamans, mamans-b\u00e9b\u00e9s, s\u00e9niors ainsi que travailleurs en entreprise sont appel\u00e9s \u00e0 s&rsquo;apprivoiser, cr\u00e9er et optimiser leur sant\u00e9 globale. <\/p>\n\n\n\n<figure class=\"wp-block-image size-full\"><img loading=\"lazy\" decoding=\"async\" width=\"1\" height=\"1\" src=\"https:\/\/www.manayoga.ca\/wordpress\/wp-content\/uploads\/2021\/11\/spacer1.gif\" alt=\"espaceur\" class=\"wp-image-422\"\/><\/figure>\n\n\n\n<p>FAITES RAYONNER VOTRE LUMI\u00c8RE!<\/p>\n","protected":false},"excerpt":{"rendered":"<p>ManaYoga Ch\u00e8res poussi\u00e8res d&rsquo;\u00e9toiles, Ce projet est une bouff\u00e9e d&rsquo;amour pour l&rsquo;\u00catre suite \u00e0 plusieurs ann\u00e9es de pratique en tant que professeure de yoga Kripalu, de danses latines et expressive, d&rsquo;intervention en ergoth\u00e9rapie, et par mes exp\u00e9riences personnelles en tant qu&rsquo;\u00catre humaine. Ma motivation? La Lumi\u00e8re en chacun.e de nous, cette Essence qui nous permet [&hellip;]<\/p>\n","protected":false},"author":1,"featured_media":0,"parent":0,"menu_order":0,"comment_status":"closed","ping_status":"closed","template":"","meta":{"footnotes":""},"class_list":["post-223","page","type-page","status-publish","hentry"],"_links":{"self":[{"href":"https:\/\/www.manayoga.ca\/wordpress\/index.php\/wp-json\/wp\/v2\/pages\/223","targetHints":{"allow":["GET"]}}],"collection":[{"href":"https:\/\/www.manayoga.ca\/wordpress\/index.php\/wp-json\/wp\/v2\/pages"}],"about":[{"href":"https:\/\/www.manayoga.ca\/wordpress\/index.php\/wp-json\/wp\/v2\/types\/page"}],"author":[{"embeddable":true,"href":"https:\/\/www.manayoga.ca\/wordpress\/index.php\/wp-json\/wp\/v2\/users\/1"}],"replies":[{"embeddable":true,"href":"https:\/\/www.manayoga.ca\/wordpress\/index.php\/wp-json\/wp\/v2\/comments?post=223"}],"version-history":[{"count":7,"href":"https:\/\/www.manayoga.ca\/wordpress\/index.php\/wp-json\/wp\/v2\/pages\/223\/revisions"}],"predecessor-version":[{"id":945,"href":"https:\/\/www.manayoga.ca\/wordpress\/index.php\/wp-json\/wp\/v2\/pages\/223\/revisions\/945"}],"wp:attachment":[{"href":"https:\/\/www.manayoga.ca\/wordpress\/index.php\/wp-json\/wp\/v2\/media?parent=223"}],"curies":[{"name":"wp","href":"https:\/\/api.w.org\/{rel}","templated":true}]}}